{"id":2994,"date":"2017-06-12T22:28:58","date_gmt":"2017-06-12T22:28:58","guid":{"rendered":"http:\/\/www.yolder.org.tr\/?page_id=2994"},"modified":"2021-06-02T21:05:57","modified_gmt":"2021-06-02T21:05:57","slug":"projelerimiz","status":"publish","type":"page","link":"https:\/\/www.yolder.org.tr\/?page_id=2994","title":{"rendered":"AB Projelerimiz"},"content":{"rendered":"\n<p>Demiryolu Yap\u0131m ve \u0130\u015fletim Personeli Dayan\u0131\u015fma ve Yard\u0131mla\u015fma Derne\u011fi\u2019nin (YOLDER) Avrupa Birli\u011fi&#8217;nce desteklenen mesleki e\u011fitim projeleri:<\/p>\n\n\n\n<p><strong>Projenin Ad\u0131\u2028<\/strong>:<br>Demiryolu Yap\u0131m ve Bak\u0131m Personeli i\u00e7in Mesleki E\u011fitim Program\u0131 Geli\u015ftirilmesi ve e-\u00d6\u011frenme Mod\u00fcllerinin Olu\u015fturulmas\u0131 (e-RAIL) Projesi\u2028\u200b\u2028<\/p>\n\n\n\n<p><strong>Projenin Ama\u00e7lar\u0131<\/strong><br>\u2028- Demiryolu in\u015faat\u0131 personelinin mesleki e\u011fitim ile i\u015f d\u00fcnyas\u0131 aras\u0131ndaki i\u015fbirli\u011fini g\u00fc\u00e7lendirmek,<br>\u2028- Demiryolu in\u015faat\u0131 personelinin yeterlilik ve becerilerin seviyesini y\u00fckseltmek,<br>&#8211; Ulusal ve Uluslararas\u0131 standart ve yeterliliklere g\u00f6re mesleki e\u011fitim program\u0131n\u0131n haz\u0131rlanmas\u0131,<br>\u2028- Online e-e\u011fitim mod\u00fcllerinin haz\u0131rlanmas\u0131,<br>\u2028- Politika yap\u0131c\u0131lar ile \u00e7al\u0131\u015fanlarda mesleki e\u011fitim ve sertifikasyon konusunda fark\u0131ndal\u0131k olu\u015fturulmas\u0131,<br>&#8211; Ulusal seviyedeki mesleki yeterlilik reformlar\u0131n\u0131 tamamlamak ve e\u011fitim ve \u00f6\u011fretim sistemlerinin modernizasyonunu desteklemek,<br>&#8211; Mesleki e\u011fitim ve \u00f6\u011fretimin uluslararas\u0131 boyutunu g\u00fc\u00e7lendirmek.\u2028&nbsp;\u2028<\/p>\n\n\n\n<p><strong>Proje Hedef \u00c7\u0131kt\u0131lar\u0131;\u2028<\/strong><br>&#8211; Proje web sitesi,<br>\u2028- Demiryolu Yap\u0131m ve Bak\u0131m \u00c7al\u0131\u015fanlar\u0131 i\u00e7in standart ve yeterliliklere uygun Mesleki E\u011fitim Program\u0131,<br>\u2028- E\u011fitim program\u0131na uygun mod\u00fcl i\u00e7erikleri,<br>&#8211; e-\u00f6\u011frenme materyalleri,<br>&#8211; Online e\u011fitim platformu altyap\u0131s\u0131,<br>\u2028- Haz\u0131rlanan e\u011fitim program\u0131 ve mod\u00fcllerinin pilot kurslar ile do\u011frulat\u0131lmas\u0131.<\/p>\n\n\n\n<p>e-RAIL Projesi,&nbsp;Erasmus+ Program\u0131 Ana Eylem 2 &#8211; Yenilik ve \u0130yi Uygulama De\u011fi\u015fimi i\u00e7in \u0130\u015fbirli\u011fi (KA2) kapsam\u0131nda 3 farkl\u0131 program \u00fclkesinden 4 ortakl\u0131 bir yap\u0131da olup 2 y\u0131l s\u00fcrm\u00fc\u015f ve 31.10.2016 tarihinde son bulmu\u015ftur. Demiryolu Yap\u0131m ve \u0130\u015fletim Personeli Dayan\u0131\u015fma ve Yard\u0131mla\u015fma Derne\u011fi\u2019nin (YOLDER) koordinasyonunda, Erzincan \u00dcniversitesi Refahiye Meslek Y\u00fcksekokulu, GENERALI COSTRUZIONI FERROVIARIE S.p.A. (GCF) ve VOSSLOH ortakl\u0131\u011f\u0131nda y\u00fcr\u00fct\u00fclen projenin \u00e7\u0131kt\u0131lar\u0131 sekt\u00f6r i\u00e7in kullan\u0131labilir durumdad\u0131r.<\/p>\n\n\n\n<p><a href=\"http:\/\/e-rail.net\" target=\"_blank\" rel=\"noopener noreferrer\">1) Erasmus+ Program\u0131 Ana Eylem 2 &#8211; Yenilik ve \u0130yi Uygulama De\u011fi\u015fimi i\u00e7in \u0130\u015fbirli\u011fi (KA2) kapsam\u0131nda y\u00fcr\u00fct\u00fclen &#8220;Demiryolu Yap\u0131m ve Bak\u0131m Personeli i\u00e7in Mesleki E\u011fitim Program\u0131 Geli\u015ftirilmesi ve e-\u00d6\u011frenme Mod\u00fcllerinin Olu\u015fturulmas\u0131&#8221; (e-RAIL) mesleki e\u011fitim projesi<\/a><\/p>\n\n\n\n<p>***<\/p>\n\n\n\n<p><strong>Ray Kaynak\u00e7\u0131lar\u0131 Sertifikalan\u0131yor<\/strong><\/p>\n\n\n\n<p>\u00dclkemizde ve Avrupa\u2019daki demiryolu altyap\u0131 in\u015faatlar\u0131 i\u00e7in hizmet sa\u011flay\u0131c\u0131lar\u0131n\u0131n say\u0131s\u0131ndaki art\u0131\u015f ve mesle\u011fin \u00f6nemi g\u00f6z \u00f6n\u00fcne al\u0131nd\u0131\u011f\u0131nda, nitelikli bir e\u011fitim alm\u0131\u015f ve belgelendirilmi\u015f ray kaynak\u00e7\u0131lar\u0131na ihtiya\u00e7 duyuldu\u011fu g\u00f6r\u00fclmektedir. Bu kapsamda \u201cRay Kaynak\u00e7\u0131lar\u0131 Sertifikalan\u0131yor Projesi\u201d geli\u015ftirilmi\u015f ve sekt\u00f6re katk\u0131 sa\u011flanmas\u0131 \u00f6ng\u00f6r\u00fclm\u00fc\u015ft\u00fcr. Proje kapsam\u0131nda, geleneksel kaynak y\u00f6ntemlerinden farkl\u0131 \u00f6zelli\u011fe ve tekni\u011fe sahip olmas\u0131 nedeniyle \u201cAlim\u00fcnotermit Ray Kaynak\u00e7\u0131s\u0131 (Seviye-3)\u201d mesle\u011fine y\u00f6nelik e\u011fitim ve belgelendirme faaliyetleri ger\u00e7ekle\u015ftirilecektir.<\/p>\n\n\n\n<p>Ray Kaynak\u00e7\u0131lar\u0131 Sertifikalan\u0131yor Projesi, T\u00fcrkiye\u2019de Hayat Boyu \u00d6\u011frenmenin Desteklenmesi-II Hibe Program\u0131 \u00e7er\u00e7evesinde y\u00fcr\u00fct\u00fclmekte olup projenin finansman\u0131 Avrupa Birli\u011fi ve T\u00fcrkiye Cumhuriyeti taraf\u0131ndan sa\u011flanmaktad\u0131r<\/p>\n\n\n\n<p><strong>Projenin Hedef Grubu<\/strong><br>Rayl\u0131 sistemler sekt\u00f6r\u00fcnde \u00e7al\u0131\u015fan ray kaynak\u00e7\u0131lar\u0131 ile i\u015fsiz yeti\u015fkinlerdir. Nihai olarak faydalan\u0131c\u0131lar\u0131 ise; rayl\u0131 sistemler altyap\u0131 hizmet sa\u011flay\u0131c\u0131lar\u0131, rayl\u0131 sistemler e\u011fitimi sa\u011flay\u0131c\u0131lar\u0131 ve belgelendirme kurulu\u015flar\u0131d\u0131r.<\/p>\n\n\n\n<p><strong>Projenin Ortaklar\u0131<\/strong><br>Projenin ba\u015fvuran kurumu Demiryolu Yap\u0131m Ve \u0130\u015fletim Personeli Dayan\u0131\u015fma Ve Yard\u0131mla\u015fma Derne\u011fi (YOLDER), e\u015f-ba\u015fvuran kurumu Erzincan \u00dcniversitesi Refahiye Meslek Y\u00fcksek Okulu ve i\u015ftirak\u00e7isi TCDD Ankara E\u011fitim Merkezi M\u00fcd\u00fcrl\u00fc\u011f\u00fc\u2019d\u00fcr.<\/p>\n\n\n\n<p><strong>Proje S\u00fcresi ve B\u00fct\u00e7esi<\/strong><br>Projenin s\u00fcresi 12 ay olup 30 Eyl\u00fcl 2017 tarihinde tamamlanacakt\u0131r. Projenin toplam b\u00fct\u00e7esi 127.134,00 Avrodur.<\/p>\n\n\n\n<p><strong>Projenin Ama\u00e7lar\u0131<\/strong><br>Rayl\u0131 sistemler sekt\u00f6r\u00fcn\u00fcn en \u00f6nemli \u00e7al\u0131\u015fanlar\u0131ndan biri olan ray kaynak\u00e7\u0131lar\u0131n\u0131n niteliklerinin geli\u015ftirilmesi, yeterliliklerinin artt\u0131r\u0131lmas\u0131, sertifikaland\u0131r\u0131lmalar\u0131 ve hayat boyu \u00f6\u011frenme s\u00fcre\u00e7lerinin desteklenmesi projenin genel amac\u0131d\u0131r. Ray kaynak\u00e7\u0131lar\u0131n\u0131n mesleki yeterlilik s\u0131navlar\u0131na haz\u0131rl\u0131k s\u00fcre\u00e7lerini desteklemek, sertifikal\u0131 \u00e7al\u0131\u015fma bilinci ve hayat boyu \u00f6\u011frenme konusunda fark\u0131ndal\u0131k artt\u0131rmak projenin \u00f6zel ama\u00e7lar\u0131 aras\u0131ndad\u0131r. Projenin beklenen sonu\u00e7lar\u0131 ise \u015f\u00f6yledir;<\/p>\n\n\n\n<p>\u0130\u015fg\u00fcc\u00fc piyasas\u0131 talepleriyle uyumlu olarak sertifikal\u0131 i\u015fg\u00fcc\u00fc yeti\u015ftirmek,<br>&#8211; Mevcut ray kaynak\u00e7\u0131lar\u0131n\u0131n \u00f6nceki \u00f6\u011frenmelerin tan\u0131nmas\u0131n\u0131 sa\u011flamak,<br>&#8211; Rayl\u0131 sistemler kalite ve g\u00fcvenli\u011finde iyile\u015fme sa\u011flamak,<br>&#8211; Hayat boyu \u00f6\u011frenme konusunda fark\u0131ndal\u0131\u011f\u0131n\u0131 art\u0131rmak,<br>&#8211; Mesleki e\u011fitim ile i\u015f d\u00fcnyas\u0131 aras\u0131ndaki i\u015fbirli\u011fini g\u00fc\u00e7lendirmek,<br>&#8211; Ulusal seviyedeki mesleki yeterlilik reformlar\u0131n\u0131 desteklemek,<br>&#8211; Kat\u0131l\u0131mc\u0131 kurulu\u015flar\u0131n kapasitelerini ve niteliklerini geli\u015ftirmek.<\/p>\n\n\n\n<p><a href=\"http:\/\/www.raykaynakcilarisertifikalaniyor.net\" target=\"_blank\" rel=\"noopener noreferrer\">2) T\u00fcrkiye\u2019de Hayat Boyu \u00d6\u011frenmenin Desteklenmesi-II Hibe Program\u0131 kapsam\u0131nda Avrupa Birli\u011fi taraf\u0131ndan desteklenen \u201cRay Kaynak\u00e7\u0131lar\u0131 Sertifikalan\u0131yor\u201d adl\u0131 mesleki e\u011fitim projesi<\/a><\/p>\n","protected":false},"excerpt":{"rendered":"<p>Demiryolu Yap\u0131m ve \u0130\u015fletim Personeli Dayan\u0131\u015fma ve Yard\u0131mla\u015fma Derne\u011fi\u2019nin (YOLDER) Avrupa Birli\u011fi&#8217;nce desteklenen mesleki e\u011fitim projeleri: Projenin Ad\u0131\u2028:Demiryolu Yap\u0131m ve Bak\u0131m Personeli i\u00e7in Mesleki E\u011fitim Program\u0131 Geli\u015ftirilmesi ve e-\u00d6\u011frenme Mod\u00fcllerinin Olu\u015fturulmas\u0131 (e-RAIL) Projesi\u2028\u200b\u2028 Projenin Ama\u00e7lar\u0131\u2028- Demiryolu in\u015faat\u0131 personelinin mesleki e\u011fitim ile i\u015f d\u00fcnyas\u0131 aras\u0131ndaki i\u015fbirli\u011fini g\u00fc\u00e7lendirmek,\u2028- Demiryolu in\u015faat\u0131 personelinin yeterlilik ve becerilerin seviyesini y\u00fckseltmek,&#8211; Ulusal [&hellip;]<\/p>\n","protected":false},"author":1,"featured_media":0,"parent":0,"menu_order":0,"comment_status":"closed","ping_status":"closed","template":"","meta":{"_bbp_topic_count":0,"_bbp_reply_count":0,"_bbp_total_topic_count":0,"_bbp_total_reply_count":0,"_bbp_voice_count":0,"_bbp_anonymous_reply_count":0,"_bbp_topic_count_hidden":0,"_bbp_reply_count_hidden":0,"_bbp_forum_subforum_count":0,"ngg_post_thumbnail":0,"footnotes":""},"class_list":["post-2994","page","type-page","status-publish","hentry","eq-blocks"],"_links":{"self":[{"href":"https:\/\/www.yolder.org.tr\/index.php?rest_route=\/wp\/v2\/pages\/2994","targetHints":{"allow":["GET"]}}],"collection":[{"href":"https:\/\/www.yolder.org.tr\/index.php?rest_route=\/wp\/v2\/pages"}],"about":[{"href":"https:\/\/www.yolder.org.tr\/index.php?rest_route=\/wp\/v2\/types\/page"}],"author":[{"embeddable":true,"href":"https:\/\/www.yolder.org.tr\/index.php?rest_route=\/wp\/v2\/users\/1"}],"replies":[{"embeddable":true,"href":"https:\/\/www.yolder.org.tr\/index.php?rest_route=%2Fwp%2Fv2%2Fcomments&post=2994"}],"version-history":[{"count":8,"href":"https:\/\/www.yolder.org.tr\/index.php?rest_route=\/wp\/v2\/pages\/2994\/revisions"}],"predecessor-version":[{"id":3346,"href":"https:\/\/www.yolder.org.tr\/index.php?rest_route=\/wp\/v2\/pages\/2994\/revisions\/3346"}],"wp:attachment":[{"href":"https:\/\/www.yolder.org.tr\/index.php?rest_route=%2Fwp%2Fv2%2Fmedia&parent=2994"}],"curies":[{"name":"wp","href":"https:\/\/api.w.org\/{rel}","templated":true}]}}